Let a(f) = 3*f**2 - 2*f - 16. Let g be a(-4). What is the greatest common factor of p and g?
20
Let z = 9 - 11. Let x = z + 32. Suppose 4*l = 82 + x. What is the highest common factor of 4 and l?
4
Suppose -13*d + 17*d = 12. Suppose 13 = -d*x + 28. Let h = -43 + 63. What is the highest common factor of x and h?
5
Suppose 0 = 5*f - 0*f - 105. What is the highest common divisor of 84 and f?
21
Suppose 3*z - 19 = 29. Let k = z + -10. Calculate the greatest common divisor of k and 30.
6
Suppose 2*p = 2*c, -3*c = 3*p + 4 + 2. Let u = 3 + p. Suppose 18 = a + 8*a. What is the greatest common factor of u and a?
2
Let q be 35 - (-1 + 0 + 0). Let y = q - -8. Calculate the highest common factor of 4 and y.
4
Let s(j) = -j**3 + 13*j**2 - 5*j + 5. Let b be s(10). Calculate the highest common factor of 15 and b.
15
Let v = 27 + 25. What is the greatest common divisor of v and 26?
26
Suppose -s + 2*s - 153 = 0. Let x = -207 + 299. Suppose 0 = 4*t + 24 - x. Calculate the highest common divisor of t and s.
17
Let g = -15 - -26. Calculate the highest common factor of 11 and g.
11
Let z be 1 + (-1 - -10 - -1). Suppose -106 + 40 = -2*r. Calculate the greatest common divisor of z and r.
11
Let d(n) = n**2 + 4*n - 6. Let s(r) = 7*r**3 - r**2. Let t be s(1). Let b be d(t). Suppose 9*v = 5*v + 72. What is the greatest common divisor of b and v?
18
Let i be (-4)/10 - 3936/(-40). What is the highest common factor of i and 14?
14
Suppose 2*d - 48 = -b, 0 = b + 3*d + 2*d - 60. What is the greatest common divisor of 8 and b?
8
Let a be (-15)/(-10)*2/(-3). Let s = a - -11. What is the greatest common factor of s and 110?
10
Let t(p) = 6*p - 1. Let x be t(-1). Let j be (-33)/x + (-4)/(-14). Calculate the highest common divisor of j and 10.
5
Let h be (-2 - 6)/((-4)/6). Let n be ((-402)/10)/(2/(-10)). Suppose -2*x + 0*x - 3*b + 225 = 0, -2*x = -5*b - n. What is the highest common divisor of x and h?
12
Suppose 57 = 9*v - 69. Calculate the highest common divisor of 98 and v.
14
Let l(f) = 5*f**2 + 10*f - 17. Let m(z) = -z**2. Let w(k) = l(k) + 4*m(k). Let s be w(-12). Calculate the highest common divisor of 35 and s.
7
Suppose -2*m - 14 = -x - 3*m, 2*x = 4*m + 16. Calculate the greatest common divisor of 48 and x.
12
Suppose -t + 42 = u, -5*t + 1 = 3*u - 127. Calculate the highest common factor of 164 and u.
41
Let n be (-3)/((-3)/6 + -1). Suppose -5*x = -n*x - 264. What is the highest common factor of x and 8?
8
Suppose -2*b + 17*b = 150. Calculate the highest common divisor of 5 and b.
5
Suppose 0*p + 24 = -2*p + 4*m, -3*p - 24 = -3*m. Let t be 330/p*(-8)/6. What is the highest common factor of 10 and t?
10
Let k be 2 - (-1 - -5) - 11. Let t = k + 25. Suppose t = -0*l + 3*l. What is the highest common factor of 36 and l?
4
Let v(a) = 25*a**2 - 3*a + 4. Let f be v(2). What is the highest common factor of f and 14?
14
Let a(f) = 9*f**2 + 5*f - 8. Let v be a(-6). Calculate the greatest common factor of v and 26.
26
Suppose 11*w - 209 + 11 = 0. Calculate the highest common divisor of w and 2.
2
Let k = -46 + 86. Suppose 2*o = -o + 9. Suppose 53 - 233 = -o*g. What is the greatest common factor of k and g?
20
Let u = 8 - 8. Suppose u = -a - 0*a + 2. What is the greatest common divisor of a and 3?
1
Let g be (-340)/(-12) + 4/6. What is the greatest common divisor of g and 319?
29
Suppose 3*d - 1127 + 425 = 0. Suppose 4*c - d = 86. What is the greatest common divisor of c and 20?
20
Let f be (3/(-2))/(3/(-16)). Let q be (-2)/(-7) + (-2780)/(-70). Calculate the greatest common factor of q and f.
8
Suppose -3*g - 2 = -g. Let y be g + 7/((-14)/(-36)). Calculate the highest common factor of 68 and y.
17
Let l(t) = -t**3 + 9*t**2 - 3*t + 8. Let p be l(6). Let q be 384/28 + (-4)/(-14). What is the highest common factor of p and q?
14
Let i(s) = 0*s**2 + 3*s**3 + 4*s**2 - 5*s**3. Let d be i(3). Let c be (9/4)/(d/(-96)). What is the greatest common divisor of c and 12?
12
Suppose 0 = 2*q - 0*q - 160. Let x(u) = 3*u - 20. Let j be x(10). Calculate the greatest common divisor of j and q.
10
Let j be 1/2 - (-3)/2. Let u be (j/(-3))/(2/(-162)). Let h = 80 - u. Calculate the greatest common divisor of h and 13.
13
Let k be 1*54*(-3)/(-6). Calculate the highest common factor of k and 18.
9
Let o = -1 - 1. Let q be 9/(-6) - 171/o. Suppose 3*t - 5*l - 67 = 0, 2*l + 0*l = -3*t + 32. Calculate the greatest common factor of q and t.
14
Suppose 3*z - 33 = -9*k + 4*k, 0 = -4*k + 4*z + 52. What is the highest common factor of 45 and k?
9
Suppose 2*l - l = 0. Let t(o) = -o + 24. Let c be t(l). Calculate the highest common divisor of 240 and c.
24
Let z be ((-6)/15)/((-1)/5). Suppose -t = z*t - 24. Let d(h) = 4*h - 20. Let c be d(7). Calculate the highest common factor of c and t.
8
Let k be 3*1/3 + 86. Suppose 3*j + 5*t = 3*t + k, t + 105 = 4*j. Suppose c + 105 = 5*l + 17, 0 = -3*l + c + 52. What is the greatest common divisor of l and j?
9
Suppose m - a - 6 = 0, 3*a = -6*m + m + 46. Suppose 2*s + 3*j = -j - 40, -s + j = 14. Let g = -8 - s. What is the greatest common factor of g and m?
8
Let w(f) = -f**3 - 4*f**2 + 2*f**3 - 3*f**3 - 2*f. Let h be w(-2). Calculate the highest common factor of h and 44.
4
Suppose 20 = -4*v + 8*v. Suppose x = -3*x + 4*h + 92, 5*x - 95 = h. Suppose 17 + x = v*t. What is the greatest common divisor of 28 and t?
7
Let m(i) = -5*i + 65. Let g be m(-14). Suppose 0 = -5*h + 3*r + 144 + 135, 0 = 5*r + 15. What is the highest common factor of g and h?
27
Let s(l) = -2*l - 11. Let d be s(-9). Suppose 5*y + 20 = 0, 0 = -b - 5*y - 25 + d. Calculate the highest common factor of b and 2.
2
Let q(b) = 4*b**2 + 3*b - 3. Let p be q(2). Suppose -3*r - 5*h + p = 0, -3*r + r + h + 30 = 0. Let c = r - -32. Calculate the greatest common factor of c and 5.
5
Suppose 3*v + 9 = 4*v. Calculate the highest common factor of v and 81.
9
Let y(s) = -2 + 2*s - 3*s + 3*s. Let r be y(7). Let d(n) = -5*n**3 + n**2. Let p be d(-1). What is the greatest common divisor of r and p?
6
Let h(f) = 14*f. Let n(m) = -m**3 + 6*m**2 - 5*m + 1. Let j be n(5). Let p be h(j). Calculate the highest common divisor of p and 70.
14
Suppose -2*z = -72 + 22. Calculate the highest common divisor of 50 and z.
25
Let a = -13 + 15. Suppose -5*g = -3*j - g + 30, 5*g - 30 = -3*j. Calculate the highest common factor of j and a.
2
Let b(r) = -5*r**2 - 1 - r + 3 + 15*r**2. Let a be b(-4). Suppose -3*g + a = 4*j - 5*g, -3*j + 4*g = -132. Calculate the greatest common divisor of j and 16.
8
Let b be (22/4)/(2/16). Let o be 5*b/(-5)*-1. Suppose 0*s - o = -s. What is the greatest common divisor of s and 4?
4
Suppose 0 = 5*h - 67 - 8. Let k be (14/(-35))/(2/(-30)). Calculate the highest common factor of k and h.
3
Suppose -4*i = -4*s + 10 + 22, -4*s = i - 12. Let h be 73/s - (-1)/(-4). Let f = 5 - 3. Calculate the greatest common factor of f and h.
2
Let w be (-1)/(-4) - (-6)/8. Suppose -7 = -q - w. Suppose -3*o = -a - 19, -5*o - a + 3*a + 32 = 0. What is the greatest common factor of o and q?
6
Let k(w) be the second derivative of -5*w**3/6 - w**2 - 2*w. Let i be k(-3). Calculate the highest common divisor of i and 117.
13
Let x(m) = -24*m. Let z be x(-6). Suppose -10 = -2*f - 3*f. Suppose -5*a + 76 = -f*i, i - 28 = -2*a + 3*i. What is the greatest common divisor of z and a?
16
Suppose -u = -1, -c + 5*u - 4 = -17. Calculate the greatest common factor of c and 144.
18
Suppose 0*p - 40 = 4*p. Let c be 8/20 - 156/p. What is the greatest common factor of c and 112?
16
Let m = 24 - 4. Let u(n) = -n**2 - n - 1. Let z be u(2). Let x = -2 - z. Calculate the greatest common factor of m and x.
5
Suppose x - 32 = -3*x. Let b be x + 1 + 4/2. Let p = 9 - -2. What is the highest common factor of b and p?
11
Suppose 5*j + 7 = -3. Let k be 1040/(-60)*3/j. Let b be 1/(-4) - 53/(-4). Calculate the highest common factor of b and k.
13
Let p = 34 - -102. What is the highest common divisor of p and 8?
8
Let v be ((-32)/(-6))/(3/(-9)). Let x = v + 34. Calculate the highest common factor of x and 90.
18
Let t(c) = -c**3 - 8*c**2 + 15*c + 6. Let q be t(-10). What is the greatest common divisor of 14 and q?
14
Suppose 0 = -4*m + 168 - 16. Suppose -z = -2 - 3. Suppose z*b - v - 460 = 4*v, -b + 3*v = -86. Calculate the greatest common factor of b and m.
19
Le